3*y + 3*w, 352 = -2*y - 5*w. What are the prime factors of y/a + (-2)/9?
3
Suppose 192 = -0*m + 3*m. Suppose 0 = 6*a - 2*a - m. List the prime factors of a.
2
Let c(x) = 2*x**2 + 6*x - 6. Let g be c(-7). Suppose -t = -1 - 1, 2*k - 2*t = 0. Suppose -7*y = -k*y - g. What are the prime factors of y?
2, 5
Let v(a) = a**2 - 2*a - 2. Let w be 4/(-3)*3/(-2). Let b be v(w). What are the prime factors of (b - -1) + 1*9?
2
Suppose -31 - 49 = 5*j. Let d = 6 - j. What are the prime factors of d?
2, 11
Let d be 1/(-3) - (-4)/(-6). Let t = d - -4. What are the prime factors of t/(2/18*3)?
3
Let a(m) = 5*m - 7. Suppose 0*s + 9 = s. Let p be a(s). Suppose 2*q = -2*z - 4 + p, 0 = z - 3*q + 3. List the prime factors of z.
2, 3
Let w = -46 + 84. Suppose 0 = 4*a + 2*x - 34, -3*a - 4*x + w = -0*a. What are the prime factors of a?
2, 3
List the prime factors of (3 + -3 - 1) + 46.
3, 5
Let n(v) = 3*v**2 + 3*v - 2. Let p = 7 + -10. Let d be n(p). Let k = d - 10. What are the prime factors of k?
2, 3
Let t(c) = -7*c**2 - 9*c + 3. Let s(d) = 3*d**2 + 4*d - 1. Let o(n) = 9*s(n) + 4*t(n). Let i be o(0). Suppose -51 = -i*h - 0*h. List the prime factors of h.
17
What are the prime factors of -44*1*3/(-1)?
2, 3, 11
Let b(t) be the second derivative of -t**4/12 + 7*t**3/6 + 3*t. List the prime factors of b(3).
2, 3
Suppose d = 5*d - 16. Let i = d - -4. What are the prime factors of i?
2
Suppose -6*t = -5*m - 2*t + 182, -25 = -m - 3*t. What are the prime factors of m?
2, 17
Let x(y) = 2*y + 4. Let j be (1 - 14/(-2)) + -1. Suppose 4*f = j*f - 12. List the prime factors of x(f).
2, 3
Let n be (4 + -20)/(1 - 0). Let b be n/(-12) - 2/(-3). Suppose 3*a - 4*s - 22 = -b*a, 5*a - 19 = 3*s. What are the prime factors of a?
2
Suppose 3*q + 71 = -4*d + 3, -2*q = 3*d + 47. List the prime factors of (-220)/q + 2/8.
2, 7
What are the prime factors of (-251)/(-4) + 10/8 + -1?
3, 7
Let i = 21 - 67. List the prime factors of 2 - (i - 3/(-1)).
3, 5
Let b = -20 - -42. What are the prime factors of b?
2, 11
Suppose -2*g - 56 + 262 = -4*l, 4*g - 386 = -5*l. List the prime factors of g.
3, 11
Let a = 5 + -1. Suppose -a*n + 7 = -5. Let r(t) = 2*t**2 - 3*t + 1. What are the prime factors of r(n)?
2, 5
Let b = 18 + 12. List the prime factors of b.
2, 3, 5
Let i = -12 - -4. Suppose 3*g - 19 = -3*t + 17, -2*g = 6. Let a = i + t. List the prime factors of a.
7
Let r = 10 - 13. What are the prime factors of (3/9)/(r/(-315))?
5, 7
Let n(m) = m**3 - 9*m**2 + 9*m - 8. Let c = 29 - 21. Let u be n(c). Suppose 0 = -u*y + 5*y - 10. What are the prime factors of y?
2
Let i be 38/8 + (-1)/(-4). Suppose 2*z = 10, 10*y + 3*z + 75 = i*y. Let h = y + 27. List the prime factors of h.
3
Let b(h) = h**2 + 11*h + 14. Let q be b(-10). Suppose -q*p + 3*p = -11. Let l = 2 + p. What are the prime factors of l?
13
Let d = 27 + -47. Let r be (-66)/15 + 12/d. Let c = 12 + r. What are the prime factors of c?
7
Let f(n) = 20*n + 1. What are the prime factors of f(3)?
61
Let j(h) = h**2 + 4*h - 6. Let f be j(-6). List the prime factors of f/(-27) + (-184)/(-18).
2, 5
Let m(s) = 7*s**2 + 2*s - 1. Let h be m(1). Suppose h = 4*a - 0. List the prime factors of a.
2
Suppose -k - 15 = -4*k. Suppose -2*j = k*o - 57, 4*j + o - 91 + 22 = 0. List the prime factors of j.
2
Suppose 2*u - 3*p = 151, 59 = 3*u - p - 178. List the prime factors of u.
2, 5
List the prime factors of -6*2/(-4)*29.
3, 29
Let f = 4 - -4. Suppose -23 = -q + 5*y, 0 = 2*q - 4*y - 14 - f. List the prime factors of q.
3
Suppose 5*f - 136 = -2*h + 76, -5*h = -5*f + 205. Suppose -2*m + f = 10. Suppose -1 = 5*d - m. List the prime factors of d.
3
Suppose 0*w - w = 0. Suppose 0 = 3*u - 3*j + 3, u - 6*u + 4 = 4*j. Suppose u*m - 3*m + 21 = w. List the prime factors of m.
7
Suppose 0 = 2*d - w - 312, -w - 509 = -5*d + 268. What are the prime factors of d?
5, 31
Suppose -4*p = 3*x - 72, x - 125 = -5*p + 6*x. Let f = p + -13. List the prime factors of f.
2
Let x = -18 - -166. What are the prime factors of x?
2, 37
Let r be 0 + -1 + 1 + -2. Let y = 10 - r. Suppose -4*k + 40 = -2*i - 0*i, -5*i + y = 4*k. List the prime factors of k.
2
List the prime factors of (-1)/4 - ((-153)/(-4))/(-1).
2, 19
Suppose -2*r - 14 = -4*h, 0*h - 4*r = h - 8. List the prime factors of h.
2
Suppose 0 = -5*q - 5*d + 25, 7 = 2*q + d + 4*d. List the prime factors of q.
2, 3
Let k = 2 - -1. Suppose -5*z + 4*i + 82 = 0, 0 = k*z - z + i - 25. What are the prime factors of 6/(-4)*z/(-3)?
7
Let i = 30 + -12. Suppose 2 + 8 = 5*a. Suppose 0*n - i = -a*n. List the prime factors of n.
3
Let v = 125 + -86. List the prime factors of v.
3, 13
Let i = 11 + -7. Suppose -5*k + i = -2*v - 2, -4*v = 2*k - 12. Suppose 0*z - k*z + 20 = -5*a, 4*z = -4*a + 12. What are the prime factors of z?
5
What are the prime factors of (4/6)/(4/54)?
3
Suppose 102 = -2*x + 5*x. Suppose -4*r = -i + 2, -4*r + x = 4*i + i. What are the prime factors of i/(-12) + 34/4?
2
Suppose -4 = 4*t, 5*t = -k + 4*k - 785. What are the prime factors of k?
2, 5, 13
Let h(n) be the second derivative of n**3/6 - 3*n**2 - 3*n. List the prime factors of h(9).
3
Let g(c) = -1 - c**2 + 2*c**2 + 1 - 1 + 3*c. What are the prime factors of g(-4)?
3
What are the prime factors of (-4940)/(-55) + (-4)/(-22)?
2, 3, 5
Suppose v + 3 = 4*b, 4*b - 2*v - 12 = 2*v. Let n(j) = j + 5. What are the prime factors of n(b)?
5
Let c = 1 + -2. Let w(s) = s**2 + 3*s + 3. Let f be w(-2). Let r = f - c. What are the prime factors of r?
2
Suppose 1 = -8*v + 9*v. Suppose v = 2*l - 15. List the prime factors of l.
2
Let s(g) = g**3 + 7*g**2 - 9*g - 5. Let x be s(-8). Let c = x - -27. What are the prime factors of c?
2, 3, 5
Let h(r) = -5*r**2 + 16*r - 8. Let g(i) = -i**2 + 4*i - 2. Let b(p) = 9*g(p) - 2*h(p). Let o be b(-3). What are the prime factors of o/15 - 32/(-6)?
5
Let s(i) = 17*i - 8. What are the prime factors of s(9)?
5, 29
Suppose -4*a - 2*h + 156 = -7*h, -140 = -4*a + h. List the prime factors of a.
2, 17
Suppose 4*o - 15 = 3*y - 4*y, -23 = 3*y - 5*o. What are the prime factors of y - -10 - (-1 - -3)?
7
Let l(o) = -o + 34. List the prime factors of l(18).
2
Let d = 58 - 54. What are the prime factors of d?
2
Let s = -21 + 36. List the prime factors of (9/(-3) - -2) + s.
2, 7
Suppose 7 = 2*k + 35. Let c = k - -25. List the prime factors of c.
11
Suppose -2*y + 5*g + 90 = 0, 3*y + 4*g = 2*y + 32. What are the prime factors of y?
2, 5
Suppose 3*v + 4*t + 110 = 0, -140 = 5*v - 2*t - 0*t. Let p = v + 54. List the prime factors of p.
2, 3
Let x(i) = -i**2 - 11*i - 11. Let z be x(-9). Let m(o) = 3*o - 9. List the prime factors of m(z).
2, 3
Let b(p) = -3*p**3 - 10*p**2 - 2*p - 5. What are the prime factors of b(-4)?
5, 7
Let i(n) = n**3 + 3*n**2 - n - 4. Let d be i(-3). What are the prime factors of d*2*(-6 - -1)?
2, 5
Suppose 3*t + 91 - 8 = 2*q, -4*t = -12. List the prime factors of q.
2, 23
Let t = 2 - 6. Let x = -1 - t. Suppose -7*i + 40 = -x*i. List the prime factors of i.
2, 5
Suppose -5*j - 4*m = 0, -2*m = j - 0*m. Suppose j = 4*i - 5*t + 2*t - 79, -5*t = 25. What are the prime factors of i?
2
Suppose 0 = r - 21 + 6. Suppose 3*b - r = -0. Suppose -5*p + 20 = b. What are the prime factors of p?
3
Let m be ((-147)/(-28))/(3/8). Let i be 1 + (-2)/4*-2. Let y = m - i. What are the prime factors of y?
2, 3
Let j = -11 - -14. What are the prime factors of j?
3
Let v be 4 - (-2 + 0)/(-2). Let m(f) = -v + f**2 + 0*f + f + 3 - 2. List the prime factors of m(2).
2
Suppose -v = -3*t + 847, 2*t - 4*t = -3*v - 553. What are the prime factors of t?
2, 71
Let z(n) = -2*n + 9. Let x be z(6). List the prime factors of 32*x/(-4)*1.
2, 3
Suppose 0 = -0*s + 4*s - 392. Suppose 2*v + 110 = 3*m, 2*m + v = -m + s. What are the prime factors of m?
2, 17
Let l = -2 + 7. Suppose -3*f + l*m + 34 = 0, 2 = -5*f - 5*m - 8. Suppose -5*w = -3*a + 41, -f*a - 4*w + 20 = -a. List the prime factors of a.
2, 3
Let x be 3/(3/2) - 42. Let u be (-2)/7 - x/(-7). List the prime factors of ((-10)/(-3))/((-4)/u).
5
Let x(k) = -k + 1. Let t be x(-1). Suppose t*v + 2*v = 108. List the prime factors of v.
3
Let f = 19 - 22. Suppose -3*l = -9, -l = -0*b - 2*b + 13. Let r = b - f. List the prime factors of r.
11
Suppose 0 = -3*f - 26 - 7. Let t = f + 16. List the prime factors of t.
5
Let v(m) = -m**3 + 4*m**2 + m - 3. Let c